{"id":683,"date":"2024-02-16T19:11:34","date_gmt":"2024-02-16T19:11:34","guid":{"rendered":"https:\/\/hospitalemcor.com.br\/novo\/?page_id=683"},"modified":"2024-12-04T18:19:00","modified_gmt":"2024-12-04T18:19:00","slug":"sobre-nos","status":"publish","type":"page","link":"https:\/\/hospitalemcor.com.br\/novo\/sobre-nos\/","title":{"rendered":"Sobre N\u00f3s"},"content":{"rendered":"\t\t<div data-elementor-type=\"wp-page\" data-elementor-id=\"683\" class=\"elementor elementor-683\">\n\t\t\t\t<div class=\"elementor-element elementor-element-0b132fd e-flex e-con-boxed wpr-particle-no wpr-jarallax-no wpr-parallax-no wpr-sticky-section-no e-con e-parent\" data-id=\"0b132fd\" data-element_type=\"container\" data-settings=\"{&quot;background_background&quot;:&quot;classic&quot;}\">\n\t\t\t\t\t<div class=\"e-con-inner\">\n\t\t\t\t<div class=\"elementor-element elementor-element-fa106c8 eael-dual-header-content-align-center elementor-widget elementor-widget-eael-dual-color-header\" data-id=\"fa106c8\" data-element_type=\"widget\" data-widget_type=\"eael-dual-color-header.default\">\n\t\t\t\t<div class=\"elementor-widget-container\">\n\t\t\t\t\t\t\t\t<div class=\"eael-dual-header\">\n\t\t\t\t<h2 class=\"title eael-dch-title\"><span class=\"eael-dch-title-text eael-dch-title-lead lead solid-color\">Sobre<\/span> <span class=\"eael-dch-title-text\">N\u00f3s<\/span><\/h2><div class=\"eael-dch-separator-wrap\"><span class=\"separator-one\"><\/span>\n\t\t\t<span class=\"separator-two\"><\/span><\/div>\t\t\t<\/div>\n\n\t\t\t\t\t\t<\/div>\n\t\t\t\t<\/div>\n\t\t\t\t\t<\/div>\n\t\t\t\t<\/div>\n\t\t<div class=\"elementor-element elementor-element-ba7d4b7 e-flex e-con-boxed wpr-particle-no wpr-jarallax-no wpr-parallax-no wpr-sticky-section-no e-con e-parent\" data-id=\"ba7d4b7\" data-element_type=\"container\">\n\t\t\t\t\t<div class=\"e-con-inner\">\n\t\t<div class=\"elementor-element elementor-element-e631bbe e-con-full e-flex wpr-particle-no wpr-jarallax-no wpr-parallax-no wpr-sticky-section-no e-con e-child\" data-id=\"e631bbe\" data-element_type=\"container\">\n\t\t\t\t<div class=\"elementor-element elementor-element-55c0f26 elementor-widget__width-initial wpr-feature-list-left wpr-feature-list-square wpr-feature-list-line-yes elementor-widget elementor-widget-wpr-feature-list\" data-id=\"55c0f26\" data-element_type=\"widget\" data-widget_type=\"wpr-feature-list.default\">\n\t\t\t\t<div class=\"elementor-widget-container\">\n\t\t\t\t\t<div class=\"wpr-feature-list-wrap\"><ul class=\"wpr-feature-list\"><li class=\"wpr-feature-list-item elementor-repeater-item-f57b13d\"><div class=\"wpr-feature-list-icon-wrap\"><span class=\"wpr-feature-list-line\"><\/span><div class=\"wpr-feature-list-icon-inner-wrap\"><i aria-hidden=\"true\" class=\"icon icon-target-2\"><\/i><\/div><\/div><div class=\"wpr-feature-list-content-wrap\"><h2 class=\"wpr-feature-list-title\"><a class=\"wpr-feature-list-url\" target=\"_blank\" rel=\"nofollow\">Miss\u00e3o<\/a><\/h2><p class=\"wpr-feature-list-description\">Ser uma institui\u00e7\u00e3o de sa\u00fade comprometida com a crescente qualidade nos servi\u00e7os de sa\u00fade prestados.<\/p><\/div><\/li><li class=\"wpr-feature-list-item elementor-repeater-item-b578cc2\"><div class=\"wpr-feature-list-icon-wrap\"><span class=\"wpr-feature-list-line\"><\/span><div class=\"wpr-feature-list-icon-inner-wrap\"><svg aria-hidden=\"true\" class=\"e-font-icon-svg e-fas-eye\" viewBox=\"0 0 576 512\" xmlns=\"http:\/\/www.w3.org\/2000\/svg\"><path d=\"M572.52 241.4C518.29 135.59 410.93 64 288 64S57.68 135.64 3.48 241.41a32.35 32.35 0 0 0 0 29.19C57.71 376.41 165.07 448 288 448s230.32-71.64 284.52-177.41a32.35 32.35 0 0 0 0-29.19zM288 400a144 144 0 1 1 144-144 143.93 143.93 0 0 1-144 144zm0-240a95.31 95.31 0 0 0-25.31 3.79 47.85 47.85 0 0 1-66.9 66.9A95.78 95.78 0 1 0 288 160z\"><\/path><\/svg><\/div><\/div><div class=\"wpr-feature-list-content-wrap\"><h2 class=\"wpr-feature-list-title\"><a class=\"wpr-feature-list-url\" target=\"_blank\" rel=\"nofollow\">Vis\u00e3o<\/a><\/h2><p class=\"wpr-feature-list-description\">Buscar ser refer\u00eancia em atendimento cl\u00ednico e cardiol\u00f3gico na regi\u00e3o metropolitana do Rio de Janeiro, com qualidade e constantes avan\u00e7os tecnol\u00f3gicos.<\/p><\/div><\/li><li class=\"wpr-feature-list-item elementor-repeater-item-1e0458b\"><div class=\"wpr-feature-list-icon-wrap\"><span class=\"wpr-feature-list-line\"><\/span><div class=\"wpr-feature-list-icon-inner-wrap\"><svg aria-hidden=\"true\" class=\"e-font-icon-svg e-fas-hand-holding-heart\" viewBox=\"0 0 576 512\" xmlns=\"http:\/\/www.w3.org\/2000\/svg\"><path d=\"M275.3 250.5c7 7.4 18.4 7.4 25.5 0l108.9-114.2c31.6-33.2 29.8-88.2-5.6-118.8-30.8-26.7-76.7-21.9-104.9 7.7L288 36.9l-11.1-11.6C248.7-4.4 202.8-9.2 172 17.5c-35.3 30.6-37.2 85.6-5.6 118.8l108.9 114.2zm290 77.6c-11.8-10.7-30.2-10-42.6 0L430.3 402c-11.3 9.1-25.4 14-40 14H272c-8.8 0-16-7.2-16-16s7.2-16 16-16h78.3c15.9 0 30.7-10.9 33.3-26.6 3.3-20-12.1-37.4-31.6-37.4H192c-27 0-53.1 9.3-74.1 26.3L71.4 384H16c-8.8 0-16 7.2-16 16v96c0 8.8 7.2 16 16 16h356.8c14.5 0 28.6-4.9 40-14L564 377c15.2-12.1 16.4-35.3 1.3-48.9z\"><\/path><\/svg><\/div><\/div><div class=\"wpr-feature-list-content-wrap\"><h2 class=\"wpr-feature-list-title\"><a class=\"wpr-feature-list-url\" target=\"_blank\" rel=\"nofollow\">Valores<\/a><\/h2><p class=\"wpr-feature-list-description\">Comprometimento, \u00c9tica, Confian\u00e7a, Equidade, Solidariedade.<\/p><\/div><\/li><\/ul><\/div>\t\t\t\t<\/div>\n\t\t\t\t<\/div>\n\t\t\t\t<\/div>\n\t\t<div class=\"elementor-element elementor-element-425e9a7 e-con-full e-flex wpr-particle-no wpr-jarallax-no wpr-parallax-no wpr-sticky-section-no e-con e-child\" data-id=\"425e9a7\" data-element_type=\"container\">\n\t\t\t\t<div class=\"elementor-element elementor-element-834aa4d elementor-widget__width-initial elementor-widget elementor-widget-image\" data-id=\"834aa4d\" data-element_type=\"widget\" data-widget_type=\"image.default\">\n\t\t\t\t<div class=\"elementor-widget-container\">\n\t\t\t\t\t\t\t\t\t\t\t\t\t\t\t<img fetchpriority=\"high\" decoding=\"async\" width=\"1000\" height=\"1000\" src=\"https:\/\/hospitalemcor.com.br\/novo\/wp-content\/uploads\/2024\/12\/magicpattern-blob-1733335154295.png\" class=\"attachment-full size-full wp-image-2225\" alt=\"\" srcset=\"https:\/\/hospitalemcor.com.br\/novo\/wp-content\/uploads\/2024\/12\/magicpattern-blob-1733335154295.png 1000w, https:\/\/hospitalemcor.com.br\/novo\/wp-content\/uploads\/2024\/12\/magicpattern-blob-1733335154295-300x300.png 300w, https:\/\/hospitalemcor.com.br\/novo\/wp-content\/uploads\/2024\/12\/magicpattern-blob-1733335154295-150x150.png 150w, https:\/\/hospitalemcor.com.br\/novo\/wp-content\/uploads\/2024\/12\/magicpattern-blob-1733335154295-768x768.png 768w\" sizes=\"(max-width: 1000px) 100vw, 1000px\" \/>\t\t\t\t\t\t\t\t\t\t\t\t\t\t\t<\/div>\n\t\t\t\t<\/div>\n\t\t\t\t<\/div>\n\t\t\t\t\t<\/div>\n\t\t\t\t<\/div>\n\t\t\t\t<\/div>\n\t\t","protected":false},"excerpt":{"rendered":"<p>Sobre N\u00f3s Miss\u00e3o Ser uma institui\u00e7\u00e3o de sa\u00fade comprometida com a crescente qualidade nos servi\u00e7os de sa\u00fade prestados. Vis\u00e3o Buscar ser refer\u00eancia em atendimento cl\u00ednico e cardiol\u00f3gico na regi\u00e3o metropolitana do Rio de Janeiro, com qualidade e constantes avan\u00e7os tecnol\u00f3gicos. Valores Comprometimento, \u00c9tica, Confian\u00e7a, Equidade, Solidariedade.<\/p>\n","protected":false},"author":1,"featured_media":0,"parent":0,"menu_order":3,"comment_status":"closed","ping_status":"closed","template":"elementor_header_footer","meta":{"_acf_changed":false,"footnotes":""},"class_list":["post-683","page","type-page","status-publish","hentry"],"acf":[],"yoast_head":"<!-- This site is optimized with the Yoast SEO plugin v27.2 - https:\/\/yoast.com\/product\/yoast-seo-wordpress\/ -->\n<title>Sobre N\u00f3s - Hospital EMCOR<\/title>\n<meta name=\"robots\" content=\"index, follow, max-snippet:-1, max-image-preview:large, max-video-preview:-1\" \/>\n<link rel=\"canonical\" href=\"https:\/\/hospitalemcor.com.br\/novo\/sobre-nos\/\" \/>\n<meta property=\"og:locale\" content=\"pt_BR\" \/>\n<meta property=\"og:type\" content=\"article\" \/>\n<meta property=\"og:title\" content=\"Sobre N\u00f3s - Hospital EMCOR\" \/>\n<meta property=\"og:description\" content=\"Sobre N\u00f3s Miss\u00e3o Ser uma institui\u00e7\u00e3o de sa\u00fade comprometida com a crescente qualidade nos servi\u00e7os de sa\u00fade prestados. Vis\u00e3o Buscar ser refer\u00eancia em atendimento cl\u00ednico e cardiol\u00f3gico na regi\u00e3o metropolitana do Rio de Janeiro, com qualidade e constantes avan\u00e7os tecnol\u00f3gicos. Valores Comprometimento, \u00c9tica, Confian\u00e7a, Equidade, Solidariedade.\" \/>\n<meta property=\"og:url\" content=\"https:\/\/hospitalemcor.com.br\/novo\/sobre-nos\/\" \/>\n<meta property=\"og:site_name\" content=\"Hospital EMCOR\" \/>\n<meta property=\"article:publisher\" content=\"https:\/\/www.facebook.com\/emcor\" \/>\n<meta property=\"article:modified_time\" content=\"2024-12-04T18:19:00+00:00\" \/>\n<meta property=\"og:image\" content=\"https:\/\/hospitalemcor.com.br\/novo\/wp-content\/uploads\/2024\/12\/magicpattern-blob-1733335154295.png\" \/>\n\t<meta property=\"og:image:width\" content=\"1000\" \/>\n\t<meta property=\"og:image:height\" content=\"1000\" \/>\n\t<meta property=\"og:image:type\" content=\"image\/png\" \/>\n<meta name=\"twitter:card\" content=\"summary_large_image\" \/>\n<meta name=\"twitter:site\" content=\"@hospitalemcor\" \/>\n<meta name=\"twitter:label1\" content=\"Est. tempo de leitura\" \/>\n\t<meta name=\"twitter:data1\" content=\"1 minuto\" \/>\n<script type=\"application\/ld+json\" class=\"yoast-schema-graph\">{\"@context\":\"https:\/\/schema.org\",\"@graph\":[{\"@type\":\"WebPage\",\"@id\":\"https:\/\/hospitalemcor.com.br\/novo\/sobre-nos\/\",\"url\":\"https:\/\/hospitalemcor.com.br\/novo\/sobre-nos\/\",\"name\":\"Sobre N\u00f3s - Hospital EMCOR\",\"isPartOf\":{\"@id\":\"https:\/\/hospitalemcor.com.br\/novo\/#website\"},\"primaryImageOfPage\":{\"@id\":\"https:\/\/hospitalemcor.com.br\/novo\/sobre-nos\/#primaryimage\"},\"image\":{\"@id\":\"https:\/\/hospitalemcor.com.br\/novo\/sobre-nos\/#primaryimage\"},\"thumbnailUrl\":\"https:\/\/hospitalemcor.com.br\/novo\/wp-content\/uploads\/2024\/12\/magicpattern-blob-1733335154295.png\",\"datePublished\":\"2024-02-16T19:11:34+00:00\",\"dateModified\":\"2024-12-04T18:19:00+00:00\",\"breadcrumb\":{\"@id\":\"https:\/\/hospitalemcor.com.br\/novo\/sobre-nos\/#breadcrumb\"},\"inLanguage\":\"pt-BR\",\"potentialAction\":[{\"@type\":\"ReadAction\",\"target\":[\"https:\/\/hospitalemcor.com.br\/novo\/sobre-nos\/\"]}]},{\"@type\":\"ImageObject\",\"inLanguage\":\"pt-BR\",\"@id\":\"https:\/\/hospitalemcor.com.br\/novo\/sobre-nos\/#primaryimage\",\"url\":\"https:\/\/hospitalemcor.com.br\/novo\/wp-content\/uploads\/2024\/12\/magicpattern-blob-1733335154295.png\",\"contentUrl\":\"https:\/\/hospitalemcor.com.br\/novo\/wp-content\/uploads\/2024\/12\/magicpattern-blob-1733335154295.png\",\"width\":1000,\"height\":1000},{\"@type\":\"BreadcrumbList\",\"@id\":\"https:\/\/hospitalemcor.com.br\/novo\/sobre-nos\/#breadcrumb\",\"itemListElement\":[{\"@type\":\"ListItem\",\"position\":1,\"name\":\"In\u00edcio\",\"item\":\"https:\/\/hospitalemcor.com.br\/novo\/\"},{\"@type\":\"ListItem\",\"position\":2,\"name\":\"Sobre N\u00f3s\"}]},{\"@type\":\"WebSite\",\"@id\":\"https:\/\/hospitalemcor.com.br\/novo\/#website\",\"url\":\"https:\/\/hospitalemcor.com.br\/novo\/\",\"name\":\"Hospital EMCOR\",\"description\":\"Hospital do Cora\u00e7\u00e3o e Cl\u00ednicas de Nova Igua\u00e7u\",\"publisher\":{\"@id\":\"https:\/\/hospitalemcor.com.br\/novo\/#organization\"},\"potentialAction\":[{\"@type\":\"SearchAction\",\"target\":{\"@type\":\"EntryPoint\",\"urlTemplate\":\"https:\/\/hospitalemcor.com.br\/novo\/?s={search_term_string}\"},\"query-input\":{\"@type\":\"PropertyValueSpecification\",\"valueRequired\":true,\"valueName\":\"search_term_string\"}}],\"inLanguage\":\"pt-BR\"},{\"@type\":\"Organization\",\"@id\":\"https:\/\/hospitalemcor.com.br\/novo\/#organization\",\"name\":\"Hospital EMCOR\",\"url\":\"https:\/\/hospitalemcor.com.br\/novo\/\",\"logo\":{\"@type\":\"ImageObject\",\"inLanguage\":\"pt-BR\",\"@id\":\"https:\/\/hospitalemcor.com.br\/novo\/#\/schema\/logo\/image\/\",\"url\":\"https:\/\/hospitalemcor.com.br\/novo\/wp-content\/uploads\/2024\/02\/emcorsfundo.png\",\"contentUrl\":\"https:\/\/hospitalemcor.com.br\/novo\/wp-content\/uploads\/2024\/02\/emcorsfundo.png\",\"width\":500,\"height\":212,\"caption\":\"Hospital EMCOR\"},\"image\":{\"@id\":\"https:\/\/hospitalemcor.com.br\/novo\/#\/schema\/logo\/image\/\"},\"sameAs\":[\"https:\/\/www.facebook.com\/emcor\",\"https:\/\/x.com\/hospitalemcor\",\"https:\/\/www.instagram.com\/hospitalemcor\/\"]}]}<\/script>\n<!-- \/ Yoast SEO plugin. -->","yoast_head_json":{"title":"Sobre N\u00f3s - Hospital EMCOR","robots":{"index":"index","follow":"follow","max-snippet":"max-snippet:-1","max-image-preview":"max-image-preview:large","max-video-preview":"max-video-preview:-1"},"canonical":"https:\/\/hospitalemcor.com.br\/novo\/sobre-nos\/","og_locale":"pt_BR","og_type":"article","og_title":"Sobre N\u00f3s - Hospital EMCOR","og_description":"Sobre N\u00f3s Miss\u00e3o Ser uma institui\u00e7\u00e3o de sa\u00fade comprometida com a crescente qualidade nos servi\u00e7os de sa\u00fade prestados. Vis\u00e3o Buscar ser refer\u00eancia em atendimento cl\u00ednico e cardiol\u00f3gico na regi\u00e3o metropolitana do Rio de Janeiro, com qualidade e constantes avan\u00e7os tecnol\u00f3gicos. Valores Comprometimento, \u00c9tica, Confian\u00e7a, Equidade, Solidariedade.","og_url":"https:\/\/hospitalemcor.com.br\/novo\/sobre-nos\/","og_site_name":"Hospital EMCOR","article_publisher":"https:\/\/www.facebook.com\/emcor","article_modified_time":"2024-12-04T18:19:00+00:00","og_image":[{"width":1000,"height":1000,"url":"https:\/\/hospitalemcor.com.br\/novo\/wp-content\/uploads\/2024\/12\/magicpattern-blob-1733335154295.png","type":"image\/png"}],"twitter_card":"summary_large_image","twitter_site":"@hospitalemcor","twitter_misc":{"Est. tempo de leitura":"1 minuto"},"schema":{"@context":"https:\/\/schema.org","@graph":[{"@type":"WebPage","@id":"https:\/\/hospitalemcor.com.br\/novo\/sobre-nos\/","url":"https:\/\/hospitalemcor.com.br\/novo\/sobre-nos\/","name":"Sobre N\u00f3s - Hospital EMCOR","isPartOf":{"@id":"https:\/\/hospitalemcor.com.br\/novo\/#website"},"primaryImageOfPage":{"@id":"https:\/\/hospitalemcor.com.br\/novo\/sobre-nos\/#primaryimage"},"image":{"@id":"https:\/\/hospitalemcor.com.br\/novo\/sobre-nos\/#primaryimage"},"thumbnailUrl":"https:\/\/hospitalemcor.com.br\/novo\/wp-content\/uploads\/2024\/12\/magicpattern-blob-1733335154295.png","datePublished":"2024-02-16T19:11:34+00:00","dateModified":"2024-12-04T18:19:00+00:00","breadcrumb":{"@id":"https:\/\/hospitalemcor.com.br\/novo\/sobre-nos\/#breadcrumb"},"inLanguage":"pt-BR","potentialAction":[{"@type":"ReadAction","target":["https:\/\/hospitalemcor.com.br\/novo\/sobre-nos\/"]}]},{"@type":"ImageObject","inLanguage":"pt-BR","@id":"https:\/\/hospitalemcor.com.br\/novo\/sobre-nos\/#primaryimage","url":"https:\/\/hospitalemcor.com.br\/novo\/wp-content\/uploads\/2024\/12\/magicpattern-blob-1733335154295.png","contentUrl":"https:\/\/hospitalemcor.com.br\/novo\/wp-content\/uploads\/2024\/12\/magicpattern-blob-1733335154295.png","width":1000,"height":1000},{"@type":"BreadcrumbList","@id":"https:\/\/hospitalemcor.com.br\/novo\/sobre-nos\/#breadcrumb","itemListElement":[{"@type":"ListItem","position":1,"name":"In\u00edcio","item":"https:\/\/hospitalemcor.com.br\/novo\/"},{"@type":"ListItem","position":2,"name":"Sobre N\u00f3s"}]},{"@type":"WebSite","@id":"https:\/\/hospitalemcor.com.br\/novo\/#website","url":"https:\/\/hospitalemcor.com.br\/novo\/","name":"Hospital EMCOR","description":"Hospital do Cora\u00e7\u00e3o e Cl\u00ednicas de Nova Igua\u00e7u","publisher":{"@id":"https:\/\/hospitalemcor.com.br\/novo\/#organization"},"potentialAction":[{"@type":"SearchAction","target":{"@type":"EntryPoint","urlTemplate":"https:\/\/hospitalemcor.com.br\/novo\/?s={search_term_string}"},"query-input":{"@type":"PropertyValueSpecification","valueRequired":true,"valueName":"search_term_string"}}],"inLanguage":"pt-BR"},{"@type":"Organization","@id":"https:\/\/hospitalemcor.com.br\/novo\/#organization","name":"Hospital EMCOR","url":"https:\/\/hospitalemcor.com.br\/novo\/","logo":{"@type":"ImageObject","inLanguage":"pt-BR","@id":"https:\/\/hospitalemcor.com.br\/novo\/#\/schema\/logo\/image\/","url":"https:\/\/hospitalemcor.com.br\/novo\/wp-content\/uploads\/2024\/02\/emcorsfundo.png","contentUrl":"https:\/\/hospitalemcor.com.br\/novo\/wp-content\/uploads\/2024\/02\/emcorsfundo.png","width":500,"height":212,"caption":"Hospital EMCOR"},"image":{"@id":"https:\/\/hospitalemcor.com.br\/novo\/#\/schema\/logo\/image\/"},"sameAs":["https:\/\/www.facebook.com\/emcor","https:\/\/x.com\/hospitalemcor","https:\/\/www.instagram.com\/hospitalemcor\/"]}]}},"_links":{"self":[{"href":"https:\/\/hospitalemcor.com.br\/novo\/wp-json\/wp\/v2\/pages\/683","targetHints":{"allow":["GET"]}}],"collection":[{"href":"https:\/\/hospitalemcor.com.br\/novo\/wp-json\/wp\/v2\/pages"}],"about":[{"href":"https:\/\/hospitalemcor.com.br\/novo\/wp-json\/wp\/v2\/types\/page"}],"author":[{"embeddable":true,"href":"https:\/\/hospitalemcor.com.br\/novo\/wp-json\/wp\/v2\/users\/1"}],"replies":[{"embeddable":true,"href":"https:\/\/hospitalemcor.com.br\/novo\/wp-json\/wp\/v2\/comments?post=683"}],"version-history":[{"count":112,"href":"https:\/\/hospitalemcor.com.br\/novo\/wp-json\/wp\/v2\/pages\/683\/revisions"}],"predecessor-version":[{"id":2228,"href":"https:\/\/hospitalemcor.com.br\/novo\/wp-json\/wp\/v2\/pages\/683\/revisions\/2228"}],"wp:attachment":[{"href":"https:\/\/hospitalemcor.com.br\/novo\/wp-json\/wp\/v2\/media?parent=683"}],"curies":[{"name":"wp","href":"https:\/\/api.w.org\/{rel}","templated":true}]}}